437?
5437
What is the highest common divisor of 15392 and 3259552?
1184
What is the greatest common factor of 60392 and 13448?
8
What is the greatest common factor of 2542 and 225184?
62
Calculate the greatest common divisor of 2876546 and 305682.
7838
Calculate the highest common divisor of 31160877 and 8613.
957
Calculate the greatest common factor of 240 and 17127120.
240
What is the greatest common divisor of 181506 and 8112?
1014
Calculate the greatest common divisor of 690612 and 70262.
38
Calculate the greatest common factor of 1778954 and 8738.
514
What is the greatest common divisor of 172747990 and 5?
5
What is the highest common factor of 29585904 and 7080?
1416
What is the greatest common divisor of 243 and 10457721?
27
What is the highest common divisor of 383691402 and 186?
186
What is the greatest common factor of 1806 and 285474?
42
What is the greatest common factor of 482184 and 4383?
9
What is the greatest common divisor of 34466 and 2235844?
38
What is the highest common divisor of 24825 and 927462?
993
Calculate the greatest common factor of 3354 and 7748858.
1118
Calculate the greatest common divisor of 273794 and 4694.
2
What is the highest common divisor of 9731103 and 543?
543
Calculate the highest common divisor of 35551576 and 80.
8
Calculate the highest common divisor of 104 and 288339831.
13
Calculate the greatest common factor of 5032 and 156631693.
629
Calculate the greatest common factor of 2884 and 69300357.
721
Calculate the greatest common factor of 139 and 3018107.
139
Calculate the highest common factor of 20773692 and 156.
12
Calculate the highest common factor of 15858 and 18.
18
What is the highest common divisor of 774436 and 9654879?
3653
Calculate the greatest common divisor of 121592 and 11704.
8
What is the highest common factor of 5198527 and 8399?
227
What is the greatest common factor of 28603456 and 1600?
64
Calculate the greatest common factor of 9 and 280703.
1
What is the highest common factor of 13496774 and 8?
2
Calculate the greatest common divisor of 15438 and 268.
2
What is the greatest common divisor of 2013024 and 4992?
1248
What is the greatest common divisor of 1521553 and 11?
11
Calculate the greatest common factor of 80 and 24071440.
80
Calculate the greatest common factor of 20927 and 1709758.
17
Calculate the highest common factor of 70902795 and 2685.
2685
Calculate the highest common divisor of 2989025 and 4672076.
9197
Calculate the greatest common factor of 435229 and 584229.
149
What is the greatest common factor of 10414 and 487162?
82
Calculate the highest common factor of 16520895 and 3975.
795
What is the highest common divisor of 7 and 544291097?
7
What is the highest common factor of 1183596 and 71232?
636
What is the greatest common divisor of 10312382 and 46260?
514
Calculate the greatest common factor of 18847 and 541017.
47
Calculate the greatest common factor of 325876 and 290924.
1028
Calculate the greatest common factor of 39046962 and 1104.
138
Calculate the greatest common factor of 10448 and 45716530.
1306
What is the greatest common divisor of 468635 and 1045?
95
What is the greatest common divisor of 236541 and 28786?
37
Calculate the highest common divisor of 760410 and 112.
14
What is the highest common factor of 67250 and 262813?
269
What is the greatest common divisor of 97813774 and 191?
191
Calculate the highest common divisor of 1177992 and 846.
18
Calculate the highest common factor of 65910 and 12960.
30
What is the greatest common divisor of 6912 and 52?
4
What is the greatest common divisor of 83986 and 16119313?
5999
Calculate the highest common factor of 4780737 and 1885.
377
Calculate the greatest common factor of 371306645 and 76.
19
What is the greatest common factor of 2238510 and 3741?
87
Calculate the highest common divisor of 6731 and 48468661.
127
What is the highest common factor of 168690 and 110?
10
Calculate the greatest common factor of 11161236 and 113.
113
What is the highest common factor of 8 and 11715056?
8
Calculate the highest common factor of 544869 and 741.
39
Calculate the greatest common factor of 24568 and 3912232.
296
Calculate the greatest common divisor of 732 and 3396012.
12
What is the greatest common divisor of 65871 and 689013?
117
Calculate the highest common factor of 11 and 43616914.
11
Calculate the highest common factor of 131102856 and 96.
24
What is the greatest common divisor of 82810 and 2850085?
245
What is the highest common divisor of 1636586 and 350?
14
Calculate the highest common divisor of 4880460 and 1560.
780
Calculate the highest common factor of 62116 and 27573644.
1172
Calculate the highest common divisor of 188 and 59549.
47
Calculate the greatest common factor of 1590508 and 3340.
668
What is the greatest common divisor of 1044 and 21384774?
522
Calculate the greatest common factor of 3632942 and 161.
23
What is the greatest common factor of 1458221 and 211?
211
What is the highest common factor of 106905426 and 3335?
667
What is the greatest common divisor of 3400 and 9349575?
425
Calculate the greatest common factor of 39 and 132711579.
39
What is the highest common divisor of 14285950 and 678300?
5950
What is the highest common divisor of 531740 and 11660?
220
Calculate the greatest common factor of 93025560 and 1260.
60
What is the greatest common factor of 1833555 and 46686?
753
Calculate the greatest common factor of 192 and 8084672.
64
Calculate the greatest common divisor of 6117 and 993278460.
6117
What is the greatest common factor of 6676 and 479003?
1669
Calculate the greatest common factor of 545 and 3344883.
109
What is the greatest common divisor of 238 and 61577684?
14
What is the greatest common divisor of 37080 and 8828130?
3090
What is the highest common factor of 51670255 and 490?
245
Calculate the greatest common factor of 13028 and 97788.
4
Calculate the greatest common divisor of 464 and 297702400.
464
What is the greatest common factor of 486574828 and 5812?
5812
What is the greatest common factor of 1437248 and 629?
17
Calculate the greatest common factor of 16 and 18496888.
8
Calculate the highest common factor of 26173574 and 850.
34
What is the greatest common divisor of 1135 and 44162169?
227
Calculate the highest common divisor of 37897782 and 26.
26
Calculate the greatest common divisor of 670 and 473288.
134
What is the greatest common divisor of 5490 and 68453895?
915
What is the greatest common divisor of 238 and 1014713?
119
Calculate the highest common divisor of 78213404 and 82.
82
What is the highest common divisor of 3089112 and 624?
312
What is the highest common divisor of 18032 and 48594400?
368
What is the greatest common divisor of 5916 and 4146159?
87
Calculate the highest common factor of 1815874 and 6806.
166
Calculate the highest common factor of 79774710 and 204.
102
Calculate the highest common factor of 1 and 23558303.
1
What is the greatest common factor of 260 and 15825080?
20
What is the greatest common factor of 592 and 352669348?
148
What is the highest common factor of 297464316 and 188?
188
Calculate the highest common divisor of 942617 and 3627.
403
What is the greatest common factor of 17064393 and 2301?
177
Calculate the highest common factor of 6558208 and 1024.
512
Calculate the greatest common divisor of 46129344 and 840.
24
What is the highest common factor of 343585 and 539?
11
What is the greatest common divisor of 1262342985 and 3455?
3455
What is the highest common factor of 13440 and 77980?
140
What is the greatest common divisor of 5918 and 7862063?
2959
What is the highest common factor of 366750 and 5415?
15
Calculate the greatest common factor of 13510417 and 3356.
839
Calculate the greatest common divisor of 2493296215 and 5.
5
Calculate the highest common factor of 24845938 and 104.
26
Calculate the greatest common factor of 283905488 and 16.
16
Calculate the greatest common factor of 456621 and 17673.
411
Calculate the greatest common divisor of 107858 and 99186.
542
What is the highest common factor of 744 and 86910?
6
Calculate the greatest common divisor of 1881 and 386298.
99
Calculate the greatest common divisor of 20151501 and 954.
159
Calculate the highest common divisor of 275 and 758131.
11
Calculate 